
In base 13, what is -15 - 0?
-15
In base 11, what is -9 - 13?
-21
In base 13, what is 0 + c6?
c6
In base 13, what is 10 + -454?
-444
In base 11, what is 3 + 2?
5
In base 16, what is 8 + -a?
-2
In base 9, what is 1687 - 1?
1686
In base 9, what is -58321 + 3?
-58317
In base 4, what is -11 - 2333?
-3010
In base 4, what is 320 - 21?
233
In base 5, what is -20 + 222?
202
In base 11, what is 1875 + 1?
1876
In base 9, what is -1 - -177?
176
In base 13, what is -358 + 3?
-355
In base 13, what is -17 + 505?
4bb
In base 3, what is 101112 - -1?
101120
In base 9, what is 1 - -3368?
3370
In base 5, what is 330232 - 3?
330224
In base 6, what is 1 - -2225?
2230
In base 6, what is -3 - 21?
-24
In base 6, what is -3151 + -2?
-3153
In base 13, what is -2 + 55?
53
In base 4, what is -1022020 - 1?
-1022021
In base 5, what is 101411 + -4?
101402
In base 9, what is -57 + 123?
55
In base 5, what is 2 + 13231?
13233
In base 12, what is 0 - 336?
-336
In base 11, what is 3753 - 1?
3752
In base 16, what is -21 + 0?
-21
In base 2, what is -11011 + 11100100?
11001001
In base 10, what is -39 + 3?
-36
In base 4, what is -2232 + -121?
-3013
In base 5, what is -1 + 202?
201
In base 7, what is 0 + -10353?
-10353
In base 14, what is 59 + -3?
56
In base 8, what is -1 + -237?
-240
In base 5, what is 2233 + -23?
2210
In base 5, what is -2 + 10?
3
In base 8, what is 1 + 460?
461
In base 9, what is -11 - 12?
-23
In base 13, what is 59 + 4?
60
In base 3, what is 201000 - -112?
201112
In base 4, what is 2231 - 12?
2213
In base 7, what is -10 - 6?
-16
In base 16, what is 0 + -d8?
-d8
In base 10, what is -2 + -102?
-104
In base 6, what is -204 + 3?
-201
In base 7, what is 3 + -11024?
-11021
In base 15, what is -4 + 77?
73
In base 16, what is -38c + -6?
-392
In base 7, what is 5 - -505?
513
In base 5, what is -133 + -3?
-141
In base 8, what is -225 - -36?
-167
In base 12, what is -243 + -7?
-24a
In base 3, what is 10120 + -10?
10110
In base 15, what is -181 + 5?
-17b
In base 10, what is 852 - -11?
863
In base 2, what is -10000001 + 101?
-1111100
In base 16, what is -12 - -10?
-2
In base 7, what is 15 + 44?
62
In base 6, what is -115 - 1015?
-1134
In base 9, what is -11 - -7?
-3
In base 13, what is 4 - -1207?
120b
In base 3, what is 10 + -2010221?
-2010211
In base 9, what is 248 - -7?
256
In base 4, what is 103 - -21?
130
In base 11, what is -66 + -35?
-a0
In base 3, what is 20 - 12?
1
In base 7, what is -4 - -566?
562
In base 10, what is -9 - -4?
-5
In base 9, what is 402 - 7?
384
In base 2, what is -101110100110110 - 10?
-101110100111000
In base 10, what is 66 - -69?
135
In base 10, what is -4 + -138?
-142
In base 10, what is -3068 + 0?
-3068
In base 2, what is -110100100010 + -11?
-110100100101
In base 14, what is -67 - -73?
a
In base 9, what is 5 + -24?
-18
In base 8, what is -10 + -13?
-23
In base 10, what is 2 - 583?
-581
In base 13, what is 232 + 4?
236
In base 9, what is 1 + 43?
44
In base 6, what is -40 - 5?
-45
In base 16, what is 34c + 5?
351
In base 14, what is -359 - 5?
-360
In base 2, what is 11101 + -10?
11011
In base 16, what is -14 - 2d?
-41
In base 14, what is 204 + -4d?
195
In base 16, what is 1 - 163?
-162
In base 7, what is -151 - -22?
-126
In base 11, what is 4 - 63?
-5a
In base 14, what is -3 - 299a?
-299d
In base 16, what is -170 + -1?
-171
In base 2, what is -11000010 - -100?
-10111110
In base 5, what is 2 + -10104?
-10102
In base 11, what is 42 - -5?
47
In base 14, what is 5 + -166c?
-1667
In base 14, what is -1 - -3a2?
3a1
In base 5, what is -4 + 10403?
10344
In base 12, what is -28b8 - 1?
-28b9
In base 4, what is -10312 + 10?
-10302
In base 10, what is 211 - -50?
261
In base 10, what is -3 - -327?
324
In base 15, what is -1 + -72?
-73
In base 16, what is 5 + 1ad5?
1ada
In base 13, what is -9 - -2b?
22
In base 9, what is -457 + -7?
-465
In base 12, what is -2a - 16a?
-198
In base 15, what is 0 - -35?
35
In base 14, what is -b + 9?
-2
In base 12, what is 4385 - 4?
4381
In base 10, what is -131 + -2?
-133
In base 8, what is -225 + -3?
-230
In base 9, what is 803 + 22?
825
In base 8, what is 3 + 177?
202
In base 9, what is -4 - 2505?
-2510
In base 6, what is 11 - -1145?
1200
In base 6, what is -23 + 22?
-1
In base 14, what is -4 - -5a?
56
In base 13, what is 3 - -3a9?
3ac
In base 6, what is -501 + -5?
-510
In base 12, what is 236a - 4?
2366
In base 10, what is -31 + 0?
-31
In base 16, what is -11 + -f?
-20
In base 8, what is 417 + -4?
413
In base 3, what is 2002 + 0?
2002
In base 14, what is 11 + -41?
-30
In base 4, what is 322 - 0?
322
In base 9, what is -3168 + 0?
-3168
In base 8, what is -66 + -27?
-115
In base 10, what is -3 + -39?
-42
In base 3, what is -1012210 - 10?
-1012220
In base 7, what is -1555 - 1?
-1556
In base 12, what is 91 + 5?
96
In base 5, what is -1 + -22044?
-22100
In base 5, what is -2 + -10311?
-10313
In base 9, what is -7028 - 0?
-7028
In base 16, what is 1 - b29?
-b28
In base 3, what is 11 - -2002212?
2010000
In base 9, what is 154 - 1?
153
In base 9, what is 165 + 4?
170
In base 14, what is -10 + -119?
-129
In base 6, what is -1 + 103?
102
In base 8, what is -452 - -4?
-446
In base 8, what is -7 - 46?
-55
In base 13, what is -148b - 2?
-1490
In base 10, what is -1224 + 3?
-1221
In base 8, what is 106 - 1?
105
In base 2, what is 10010000 - 100?
10001100
In base 10, what is -5 + 5?
0
In base 11, what is 22 - -32?
54
In base 12, what is -1 + 1b?
1a
In base 4, what is -10 - -23033?
23023
In base 9, what is 723 - -3?
726
In base 3, what is 111001102 + -10?
111001022
In base 5, what is -2 + -131?
-133
In base 16, what is 0 + -2c6?
-2c6
In base 11, what is -a3 - -9a?
-4
In base 16, what is -b2 - 1?
-b3
In base 13, what is -5 + -14?
-19
In base 11, what is -76 - -5?
-71
In base 2, what is 1101 + 1011?
11000
In base 16, what is 6 + 12ce?
12d4
In base 5, what is 20 - -110?
130
In base 12, what is -1 + 90?
8b
In base 4, what is -2013 - 2?
-2021
In base 7, what is 4212 - 5?
4204
In base 13, what is 0 - 27?
-27
In base 14, what is 20 + 62?
82
In base 10, what is 13 + 21?
34
In base 9, what is -5 - -104?
88
In base 4, what is -110 + -3?
-113
In base 4, what is -332210 - 1?
-332211
In base 10, what is -2 - 6?
-8
In base 7, what is 14314 - 2?
14312
In base 11, what is -190 - 1?
-191
In base 15, what is 3 - -222?
225
In base 7, what is 3601 - -2?
3603
In base 15, what is -6 + -15?
-1b
In base 3, what is 10012 + -11?
10001
In base 3, what is 210120110 - 10?
210120100
In base 12, what is 9490 + 5?
9495
In base 12, what is -295 - -22?
-273
In base 11, what is 23 + 2?
25
In base 12, what is -99 + -5?
-a2
In base 10, what is 458 - -1?
459
In base 10, what is -4 + -240?
-244
In base 13, what is -2 + -84c?
-851
In base 13, what is -195 + -2?
-197
In base 3, what is 1210011 + 1?
1210012
In base 5, what is 44011 - -1?
44012
In base 7, what is 155 - -4?
162
In base 10, what is 403 + 6?
409
In base 8, what is -2543 - 4?
-2547
In base 5, what is 11311 - -3?
11314
In base 5, what is -31 + 1321?
1240
In base 16, what is -7b + -a?
-85
In base 12, what is -4 + -6b?
-73
In base 2, what is -11100010 + -101101?
-100001111
In base 8, what is 3073 + -6?
3065
In base 9, what is 460 + -3?
456
In base 10, what is 9 + 15?
24
In base 4, what is -30 - -12?
-12
In base 16, what is -4 + -21?
-25
In base 5, what is 1 + 310?
311
In base 2, what is 1100 + 10110010?
10111110
In base 3, what is -22201 + -2?
-22210
In base 15, what is -11 - -138?
127
In base 13, what is -7a1 - 1?
-7a2
In base 2, what is 11010011 - -10?
11010101
In base 13, what is 267 - -4?
26b
In base 13, what is 0 - 258?
-258
In base 12, what is -242b - -1?
-242a
In base 12, what is -46a1 - -2?
-469b
In base 2, what is -101110111 - -10?
-101110101
In base 13, what is -3 - 407?
-40a
In base 9, what is -238 + 6?
-232
In base 12, what is -613 - -5?
-60a
In base 12, what is 3 + -48?
-45
In base 12, what is 5 + 3a?
43
In base 10, what is 12 - 95?
-83
In base 8, what is 4 + -41?
-35
In base 6, what is -11 + -304?
-315
In base 14, what is 6 - a2?
-9a
In base 11, what is 49 + 1?
4a
In base 3, what is 2 + -211220?
-211211
In base 7, what is 122 - -1?
123
In base 10, what is -13998 - 2?
-14000
In base 2, what is -1111 + 101001?
11010
In base 3, what is -12 - -122020?
122001
In base 13, what is -298a + -3?
-2990
In base 8, wha